{"id":100,"date":"2020-11-04T06:03:31","date_gmt":"2020-11-04T06:03:31","guid":{"rendered":"https:\/\/grundschule-wallenborn.de\/?page_id=100"},"modified":"2020-11-07T07:49:41","modified_gmt":"2020-11-07T07:49:41","slug":"hygieneregeln","status":"publish","type":"page","link":"https:\/\/grundschule-wallenborn.de\/?page_id=100","title":{"rendered":"Hygieneregeln"},"content":{"rendered":"\n<p><strong>Hygieneregeln f\u00fcr Eltern und Besucher der Schule<\/strong><\/p>\n\n\n\n<p>Bitte beachten Sie unbedingt folgende Regelungen:<\/p>\n\n\n\n<ul class=\"wp-block-list\"><li>Alle Besucher m\u00fcssen sich im Sekretariat anmelden und ihre Kontaktdaten hinterlassen.<\/li><li>Die Maskenpflicht und Abstandsregeln sind zwingend einzuhalten.<\/li><li>Die H\u00e4nde sind beim Eintreten in das Schulgeb\u00e4ude an dem daf\u00fcr vorgesehenen Desinfektionsspender zu desinfizieren.<\/li><li>Eltern d\u00fcrfen ihre Kinder morgens nicht in das Schulgeb\u00e4ude begleiten.<\/li><li>Wenn Eltern ihr Kind nach der Schule abholen m\u00f6chten, so warten diese bitte au\u00dferhalb des Schulgel\u00e4ndes auf dieses.<\/li><\/ul>\n\n\n\n<figure class=\"wp-block-image size-large\"><img loading=\"lazy\" decoding=\"async\" width=\"1290\" height=\"968\" src=\"https:\/\/grundschule-wallenborn.de\/wp-content\/uploads\/2020\/11\/78014738-ca7d-4e8a-9af1-6dd3262da83c-2-edited.jpg\" alt=\"\" class=\"wp-image-233\" srcset=\"https:\/\/grundschule-wallenborn.de\/wp-content\/uploads\/2020\/11\/78014738-ca7d-4e8a-9af1-6dd3262da83c-2-edited.jpg 1290w, https:\/\/grundschule-wallenborn.de\/wp-content\/uploads\/2020\/11\/78014738-ca7d-4e8a-9af1-6dd3262da83c-2-edited-300x225.jpg 300w, https:\/\/grundschule-wallenborn.de\/wp-content\/uploads\/2020\/11\/78014738-ca7d-4e8a-9af1-6dd3262da83c-2-edited-1024x768.jpg 1024w, https:\/\/grundschule-wallenborn.de\/wp-content\/uploads\/2020\/11\/78014738-ca7d-4e8a-9af1-6dd3262da83c-2-edited-768x576.jpg 768w\" sizes=\"auto, (max-width: 1290px) 100vw, 1290px\" \/><\/figure>\n","protected":false},"excerpt":{"rendered":"<p>Hygieneregeln f\u00fcr Eltern und Besucher der Schule Bitte beachten Sie unbedingt folgende Regelungen: Alle Besucher m\u00fcssen sich im Sekretariat anmelden und ihre Kontaktdaten hinterlassen. Die Maskenpflicht und Abstandsregeln sind zwingend einzuhalten. Die H\u00e4nde sind beim Eintreten in das Schulgeb\u00e4ude an dem daf\u00fcr vorgesehenen Desinfektionsspender zu desinfizieren. Eltern d\u00fcrfen ihre Kinder morgens nicht in das Schulgeb\u00e4ude [&hellip;]<\/p>\n","protected":false},"author":1,"featured_media":0,"parent":0,"menu_order":0,"comment_status":"closed","ping_status":"closed","template":"","meta":{"footnotes":""},"class_list":["post-100","page","type-page","status-publish","hentry"],"_links":{"self":[{"href":"https:\/\/grundschule-wallenborn.de\/index.php?rest_route=\/wp\/v2\/pages\/100","targetHints":{"allow":["GET"]}}],"collection":[{"href":"https:\/\/grundschule-wallenborn.de\/index.php?rest_route=\/wp\/v2\/pages"}],"about":[{"href":"https:\/\/grundschule-wallenborn.de\/index.php?rest_route=\/wp\/v2\/types\/page"}],"author":[{"embeddable":true,"href":"https:\/\/grundschule-wallenborn.de\/index.php?rest_route=\/wp\/v2\/users\/1"}],"replies":[{"embeddable":true,"href":"https:\/\/grundschule-wallenborn.de\/index.php?rest_route=%2Fwp%2Fv2%2Fcomments&post=100"}],"version-history":[{"count":4,"href":"https:\/\/grundschule-wallenborn.de\/index.php?rest_route=\/wp\/v2\/pages\/100\/revisions"}],"predecessor-version":[{"id":234,"href":"https:\/\/grundschule-wallenborn.de\/index.php?rest_route=\/wp\/v2\/pages\/100\/revisions\/234"}],"wp:attachment":[{"href":"https:\/\/grundschule-wallenborn.de\/index.php?rest_route=%2Fwp%2Fv2%2Fmedia&parent=100"}],"curies":[{"name":"wp","href":"https:\/\/api.w.org\/{rel}","templated":true}]}}