{"id":247,"date":"2020-12-04T12:36:43","date_gmt":"2020-12-04T12:36:43","guid":{"rendered":"https:\/\/grundschule-wallenborn.de\/?page_id=247"},"modified":"2020-12-04T12:47:31","modified_gmt":"2020-12-04T12:47:31","slug":"zeitungsprojekt","status":"publish","type":"page","link":"https:\/\/grundschule-wallenborn.de\/?page_id=247","title":{"rendered":"Zeitungsprojekt"},"content":{"rendered":"\n<p>Mini-Klasse Zeitungsprojekt<\/p>\n\n\n\n<p>In den beiden Wochen nach den Herbstferien nahm unsere 4. Klasse am Zeitungsprojekt \u201eMini-Klasse\u201c des Trierischen Volksfreundes teil. Wir freuten uns sehr, dass wir jeden Morgen die aktuelle Tageszeitung durchbl\u00e4ttern und unsere Lieblingsartikel aussuchen und in der Klasse vorstellen konnten. Wir lernten au\u00dferdem den Weg einer Tageszeitung von der Idee eines Artikels \u00fcber die Herstellung bis sie schlie\u00dflich im Zeitungskasten landet, kennen.<\/p>\n\n\n\n<p>(von Maike, Lara, Emma)<\/p>\n\n\n\n<figure class=\"wp-block-image size-large\"><img loading=\"lazy\" decoding=\"async\" width=\"1024\" height=\"576\" src=\"https:\/\/grundschule-wallenborn.de\/wp-content\/uploads\/2020\/12\/tv-foto-projekt-1024x576.jpg\" alt=\"\" class=\"wp-image-256\" srcset=\"https:\/\/grundschule-wallenborn.de\/wp-content\/uploads\/2020\/12\/tv-foto-projekt-1024x576.jpg 1024w, https:\/\/grundschule-wallenborn.de\/wp-content\/uploads\/2020\/12\/tv-foto-projekt-300x169.jpg 300w, https:\/\/grundschule-wallenborn.de\/wp-content\/uploads\/2020\/12\/tv-foto-projekt-768x432.jpg 768w, https:\/\/grundschule-wallenborn.de\/wp-content\/uploads\/2020\/12\/tv-foto-projekt-2048x1152.jpg 2048w\" sizes=\"auto, (max-width: 1024px) 100vw, 1024px\" \/><\/figure>\n","protected":false},"excerpt":{"rendered":"<p>Mini-Klasse Zeitungsprojekt In den beiden Wochen nach den Herbstferien nahm unsere 4. Klasse am Zeitungsprojekt \u201eMini-Klasse\u201c des Trierischen Volksfreundes teil. Wir freuten uns sehr, dass wir jeden Morgen die aktuelle Tageszeitung durchbl\u00e4ttern und unsere Lieblingsartikel aussuchen und in der Klasse vorstellen konnten. Wir lernten au\u00dferdem den Weg einer Tageszeitung von der Idee eines Artikels \u00fcber [&hellip;]<\/p>\n","protected":false},"author":1,"featured_media":0,"parent":0,"menu_order":0,"comment_status":"closed","ping_status":"closed","template":"","meta":{"footnotes":""},"class_list":["post-247","page","type-page","status-publish","hentry"],"_links":{"self":[{"href":"https:\/\/grundschule-wallenborn.de\/index.php?rest_route=\/wp\/v2\/pages\/247","targetHints":{"allow":["GET"]}}],"collection":[{"href":"https:\/\/grundschule-wallenborn.de\/index.php?rest_route=\/wp\/v2\/pages"}],"about":[{"href":"https:\/\/grundschule-wallenborn.de\/index.php?rest_route=\/wp\/v2\/types\/page"}],"author":[{"embeddable":true,"href":"https:\/\/grundschule-wallenborn.de\/index.php?rest_route=\/wp\/v2\/users\/1"}],"replies":[{"embeddable":true,"href":"https:\/\/grundschule-wallenborn.de\/index.php?rest_route=%2Fwp%2Fv2%2Fcomments&post=247"}],"version-history":[{"count":3,"href":"https:\/\/grundschule-wallenborn.de\/index.php?rest_route=\/wp\/v2\/pages\/247\/revisions"}],"predecessor-version":[{"id":257,"href":"https:\/\/grundschule-wallenborn.de\/index.php?rest_route=\/wp\/v2\/pages\/247\/revisions\/257"}],"wp:attachment":[{"href":"https:\/\/grundschule-wallenborn.de\/index.php?rest_route=%2Fwp%2Fv2%2Fmedia&parent=247"}],"curies":[{"name":"wp","href":"https:\/\/api.w.org\/{rel}","templated":true}]}}

<p>Mini-Klasse Zeitungsprojekt</p>



<p>In den beiden Wochen nach den Herbstferien nahm unsere 4. Klasse am Zeitungsprojekt „Mini-Klasse“ des Trierischen Volksfreundes teil. Wir freuten uns sehr, dass wir jeden Morgen die aktuelle Tageszeitung durchblättern und unsere Lieblingsartikel aussuchen und in der Klasse vorstellen konnten. Wir lernten außerdem den Weg einer Tageszeitung von der Idee eines Artikels über die Herstellung bis sie schließlich im Zeitungskasten landet, kennen.</p>



<p>(von Maike, Lara, Emma)</p>



<figure class="wp-block-image size-large"><img loading="lazy" decoding="async" width="1024" height="576" src="https://grundschule-wallenborn.de/wp-content/uploads/2020/12/tv-foto-projekt-1024x576.jpg" alt="" class="wp-image-256" srcset="https://grundschule-wallenborn.de/wp-content/uploads/2020/12/tv-foto-projekt-1024x576.jpg 1024w, https://grundschule-wallenborn.de/wp-content/uploads/2020/12/tv-foto-projekt-300x169.jpg 300w, https://grundschule-wallenborn.de/wp-content/uploads/2020/12/tv-foto-projekt-768x432.jpg 768w, https://grundschule-wallenborn.de/wp-content/uploads/2020/12/tv-foto-projekt-2048x1152.jpg 2048w" sizes="auto, (max-width: 1024px) 100vw, 1024px" /></figure>

<p>Mini-Klasse Zeitungsprojekt In den beiden Wochen nach den Herbstferien nahm unsere 4. Klasse am Zeitungsprojekt „Mini-Klasse“ des Trierischen Volksfreundes teil. Wir freuten uns sehr, dass wir jeden Morgen die aktuelle Tageszeitung durchblättern und unsere Lieblingsartikel aussuchen und in der Klasse vorstellen konnten. Wir lernten außerdem den Weg einer Tageszeitung von der Idee eines Artikels über [&hellip;]</p>
