{"id":61,"date":"2020-11-04T05:34:37","date_gmt":"2020-11-04T05:34:37","guid":{"rendered":"https:\/\/grundschule-wallenborn.de\/?page_id=61"},"modified":"2020-11-07T07:34:52","modified_gmt":"2020-11-07T07:34:52","slug":"arbeitsgemeinschaften-ags","status":"publish","type":"page","link":"https:\/\/grundschule-wallenborn.de\/?page_id=61","title":{"rendered":"Arbeitsgemeinschaften (AG&#8217;s)"},"content":{"rendered":"\n<p class=\"has-text-align-center\"><strong>Achtung: aufgrund der aktuellen Pandemie rund um das Corona Virus k\u00f6nnen die AG&#8217;s nur eingeschr\u00e4nkt oder gar nicht angeboten werden.<\/strong><\/p>\n\n\n\n<ul class=\"wp-block-list\"><li>Montags von 15.30 Uhr bis 16.15 Uhr \u201eBastel-AG\u201c<ul><li>Leitung: Alina Mayer (FSJlerin)<\/li><\/ul><\/li><\/ul>\n\n\n\n<ul class=\"wp-block-list\"><li>Dienstags von 15.30 Uhr bis 16.15 Uhr \u201eSchlaues K\u00f6pfchen \u2013 Experimente mit Pfiff\u201c<ul><li>Leitung: Marie-Charline Lang (Sch\u00fclerin der 12. Klasse am SMG Gerolstein)<\/li><\/ul><\/li><\/ul>\n\n\n\n<ul class=\"wp-block-list\"><li>Mittwochs von 15.30 Uhr bis 16.15 Uhr \u201eBauen mit Metallbauk\u00e4sten\u201c<ul><li>Leitung: Herr Rings (Rentner)<\/li><\/ul><\/li><\/ul>\n\n\n\n<ul class=\"wp-block-list\"><li>Donnerstags von 15.30 Uhr bis 16.15 Uhr \u201eTanz-AG\u201c<ul><li>Leitung: Alina Mayer (FSJlerin)<\/li><\/ul><\/li><\/ul>\n\n\n\n<ul class=\"wp-block-list\"><li>Freitags von 14.30 Uhr bis 15.30 Uhr \u201eFu\u00dfball-AG f\u00fcr Jungen und M\u00e4dchen\u201c<ul><li>Leitung: Kim und Maxi Wernicke (Sch\u00fcler der 13. Klasse am SMG Gerolstein)<\/li><\/ul><\/li><\/ul>\n\n\n\n<figure class=\"wp-block-image size-large is-style-default\"><img loading=\"lazy\" decoding=\"async\" width=\"1024\" height=\"983\" src=\"https:\/\/grundschule-wallenborn.de\/wp-content\/uploads\/2020\/11\/e653957f-d41b-42c2-9514-0cb711e2d2f6-1-1024x983.jpg\" alt=\"\" class=\"wp-image-227\" srcset=\"https:\/\/grundschule-wallenborn.de\/wp-content\/uploads\/2020\/11\/e653957f-d41b-42c2-9514-0cb711e2d2f6-1-1024x983.jpg 1024w, https:\/\/grundschule-wallenborn.de\/wp-content\/uploads\/2020\/11\/e653957f-d41b-42c2-9514-0cb711e2d2f6-1-300x288.jpg 300w, https:\/\/grundschule-wallenborn.de\/wp-content\/uploads\/2020\/11\/e653957f-d41b-42c2-9514-0cb711e2d2f6-1-768x738.jpg 768w, https:\/\/grundschule-wallenborn.de\/wp-content\/uploads\/2020\/11\/e653957f-d41b-42c2-9514-0cb711e2d2f6-1.jpg 1137w\" sizes=\"auto, (max-width: 1024px) 100vw, 1024px\" \/><\/figure>\n","protected":false},"excerpt":{"rendered":"<p>Achtung: aufgrund der aktuellen Pandemie rund um das Corona Virus k\u00f6nnen die AG&#8217;s nur eingeschr\u00e4nkt oder gar nicht angeboten werden. Montags von 15.30 Uhr bis 16.15 Uhr \u201eBastel-AG\u201c Leitung: Alina Mayer (FSJlerin) Dienstags von 15.30 Uhr bis 16.15 Uhr \u201eSchlaues K\u00f6pfchen \u2013 Experimente mit Pfiff\u201c Leitung: Marie-Charline Lang (Sch\u00fclerin der 12. Klasse am SMG Gerolstein) [&hellip;]<\/p>\n","protected":false},"author":1,"featured_media":0,"parent":0,"menu_order":0,"comment_status":"closed","ping_status":"closed","template":"","meta":{"footnotes":""},"class_list":["post-61","page","type-page","status-publish","hentry"],"_links":{"self":[{"href":"https:\/\/grundschule-wallenborn.de\/index.php?rest_route=\/wp\/v2\/pages\/61","targetHints":{"allow":["GET"]}}],"collection":[{"href":"https:\/\/grundschule-wallenborn.de\/index.php?rest_route=\/wp\/v2\/pages"}],"about":[{"href":"https:\/\/grundschule-wallenborn.de\/index.php?rest_route=\/wp\/v2\/types\/page"}],"author":[{"embeddable":true,"href":"https:\/\/grundschule-wallenborn.de\/index.php?rest_route=\/wp\/v2\/users\/1"}],"replies":[{"embeddable":true,"href":"https:\/\/grundschule-wallenborn.de\/index.php?rest_route=%2Fwp%2Fv2%2Fcomments&post=61"}],"version-history":[{"count":4,"href":"https:\/\/grundschule-wallenborn.de\/index.php?rest_route=\/wp\/v2\/pages\/61\/revisions"}],"predecessor-version":[{"id":228,"href":"https:\/\/grundschule-wallenborn.de\/index.php?rest_route=\/wp\/v2\/pages\/61\/revisions\/228"}],"wp:attachment":[{"href":"https:\/\/grundschule-wallenborn.de\/index.php?rest_route=%2Fwp%2Fv2%2Fmedia&parent=61"}],"curies":[{"name":"wp","href":"https:\/\/api.w.org\/{rel}","templated":true}]}}

<p class="has-text-align-center"><strong>Achtung: aufgrund der aktuellen Pandemie rund um das Corona Virus können die AG&#8217;s nur eingeschränkt oder gar nicht angeboten werden.</strong></p>



<ul class="wp-block-list"><li>Montags von 15.30 Uhr bis 16.15 Uhr „Bastel-AG“<ul><li>Leitung: Alina Mayer (FSJlerin)</li></ul></li></ul>



<ul class="wp-block-list"><li>Dienstags von 15.30 Uhr bis 16.15 Uhr „Schlaues Köpfchen – Experimente mit Pfiff“<ul><li>Leitung: Marie-Charline Lang (Schülerin der 12. Klasse am SMG Gerolstein)</li></ul></li></ul>



<ul class="wp-block-list"><li>Mittwochs von 15.30 Uhr bis 16.15 Uhr „Bauen mit Metallbaukästen“<ul><li>Leitung: Herr Rings (Rentner)</li></ul></li></ul>



<ul class="wp-block-list"><li>Donnerstags von 15.30 Uhr bis 16.15 Uhr „Tanz-AG“<ul><li>Leitung: Alina Mayer (FSJlerin)</li></ul></li></ul>



<ul class="wp-block-list"><li>Freitags von 14.30 Uhr bis 15.30 Uhr „Fußball-AG für Jungen und Mädchen“<ul><li>Leitung: Kim und Maxi Wernicke (Schüler der 13. Klasse am SMG Gerolstein)</li></ul></li></ul>



<figure class="wp-block-image size-large is-style-default"><img loading="lazy" decoding="async" width="1024" height="983" src="https://grundschule-wallenborn.de/wp-content/uploads/2020/11/e653957f-d41b-42c2-9514-0cb711e2d2f6-1-1024x983.jpg" alt="" class="wp-image-227" srcset="https://grundschule-wallenborn.de/wp-content/uploads/2020/11/e653957f-d41b-42c2-9514-0cb711e2d2f6-1-1024x983.jpg 1024w, https://grundschule-wallenborn.de/wp-content/uploads/2020/11/e653957f-d41b-42c2-9514-0cb711e2d2f6-1-300x288.jpg 300w, https://grundschule-wallenborn.de/wp-content/uploads/2020/11/e653957f-d41b-42c2-9514-0cb711e2d2f6-1-768x738.jpg 768w, https://grundschule-wallenborn.de/wp-content/uploads/2020/11/e653957f-d41b-42c2-9514-0cb711e2d2f6-1.jpg 1137w" sizes="auto, (max-width: 1024px) 100vw, 1024px" /></figure>

<p>Achtung: aufgrund der aktuellen Pandemie rund um das Corona Virus können die AG&#8217;s nur eingeschränkt oder gar nicht angeboten werden. Montags von 15.30 Uhr bis 16.15 Uhr „Bastel-AG“ Leitung: Alina Mayer (FSJlerin) Dienstags von 15.30 Uhr bis 16.15 Uhr „Schlaues Köpfchen – Experimente mit Pfiff“ Leitung: Marie-Charline Lang (Schülerin der 12. Klasse am SMG Gerolstein) [&hellip;]</p>
