{"id":69,"date":"2020-11-04T05:35:45","date_gmt":"2020-11-04T05:35:45","guid":{"rendered":"https:\/\/grundschule-wallenborn.de\/?page_id=69"},"modified":"2021-05-05T10:46:46","modified_gmt":"2021-05-05T10:46:46","slug":"foederverein","status":"publish","type":"page","link":"https:\/\/grundschule-wallenborn.de\/?page_id=69","title":{"rendered":"F\u00f6rderverein"},"content":{"rendered":"\n<div class=\"wp-block-file\"><a href=\"https:\/\/grundschule-wallenborn.de\/wp-content\/uploads\/2020\/11\/Beitritt-Foerderverein.pdf\">Beitritt-Foerderverein<\/a><a href=\"https:\/\/grundschule-wallenborn.de\/wp-content\/uploads\/2020\/11\/Beitritt-Foerderverein.pdf\" class=\"wp-block-file__button\" download>Herunterladen<\/a><\/div>\n\n\n\n<p><strong>Gr\u00fcndung des Vereins<\/strong><\/p>\n\n\n\n<p>Im Jahr 2000 regten der Schulelternbeirat sowie die Schulleitung der Grundschule Wallenborn-Salm die Gr\u00fcndung eines F\u00f6rdervereins an. Engagierte Eltern und Lehrer setzten sich daraufhin mit den rechtlichen Grundlagen, den Zielen und M\u00f6glichkeiten von F\u00f6rdervereinen auseinander. Bei der Gr\u00fcndungsversammlung am 14.5.2001 schmiedeten sie mit der tatkr\u00e4ftigen Unterst\u00fctzung eines anderen F\u00f6rdervereins eine Vereinssatzung.<\/p>\n\n\n\n<p><strong>Unsere Aufgabe<\/strong><\/p>\n\n\n\n<p>Der F\u00f6rderverein m\u00f6chte die Entwicklung und Erziehung der Sch\u00fcler sowie das schulische Leben unterst\u00fctzen. Insbesondere setzt er sich zur Aufgabe:<\/p>\n\n\n\n<ul class=\"wp-block-list\"><li>hilfebed\u00fcrftige und\/ oder besonders begabte Sch\u00fcler bei Ma\u00dfnahmen, die der Bildung und Erziehung dienen, zu f\u00f6rdern<\/li><li>die Ausstattung der Schule zu verbessern<\/li><li>Bildungsreisen und Schulfeste zu unterst\u00fctzen<\/li><li>die Bindungen zwischen Sch\u00fclern, Eltern, Lehrern und Freunden der Grundschule Wallenborn im Sinne einer Schulgemeinschaft zu pflegen<\/li><li>einen Beitrag zu einem angemessenen Bild der Schule in der \u00d6ffentlichkeit zu leisten<\/li><\/ul>\n\n\n\n<p><strong>&nbsp;Beispiele f\u00fcr die Arbeit des F\u00f6rdervereins:<\/strong><\/p>\n\n\n\n<ul class=\"wp-block-list\"><li>Unterst\u00fctzung von Sch\u00fclern aus finanziell schwachen Familien (Beschaffung von Schulmaterialien und B\u00fcchern, finanzielle Unterst\u00fctzung bei der Durchf\u00fchrung von Ausfl\u00fcgen und Klassenfahrten)<\/li><li>Anschaffung zus\u00e4tzlicher Medien und Instrumente f\u00fcr den Musik- und Kunstunterricht<\/li><li>Anschaffung neuer Sportger\u00e4te<\/li><li>Unterst\u00fctzung bei Neuanschaffungen von B\u00fcchern f\u00fcr die Schulbibliothek<\/li><li>\u00dcbernahme der Kosten f\u00fcr Theaterbesuche (inklusive des Bustransfers) f\u00fcr alle Kinder<\/li><li>Finanzierung des Unterrichtsprojektes \u201eABC der Lebensmittel\u201c f\u00fcr die 3. Und 4. Klasse<\/li><li>Anschaffung und Aufstellen von Kletterger\u00fcsten<\/li><li>aktive Mithilfe bei Aktionen, Festen, Projekten und Veranstaltungen<\/li><\/ul>\n\n\n\n<p><strong><u>WIR BRAUCHEN IHRE MITHILFE<\/u><\/strong><\/p>\n\n\n\n<p>Um auch k\u00fcnftige Vorhaben realisieren zu k\u00f6nnen, bittet der F\u00f6rderverein der Grundschule Wallenborn um Ihre Unterst\u00fctzung.<\/p>\n\n\n\n<p>Dies kann in Form einer Mitgliedschaft im F\u00f6rderverein sein \u2013 jeder, der sich der Schule verbunden f\u00fchlt, kann aktives oder f\u00f6rderndes Mitglied werden.<\/p>\n\n\n\n<p>Aber auch (Sach-) Spenden von Firmen oder Einzelpersonen helfen uns weiter.<\/p>\n\n\n\n<p>Um auch k\u00fcnftige Vorhaben realisieren zu k\u00f6nnen, bittet der F\u00f6rderverein um Ihre Unterst\u00fctzung.<\/p>\n\n\n\n<p><br>Dies kann in Form einer Mitgliedschaft im F\u00f6rderverein sein &#8211; jeder, der sich der Schule verbunden f\u00fchlt, kann aktives oder f\u00f6rderndes Mitglied werden.<br>Oder auch (Sach-)Spenden von Firmen oder Einzelpersonen helfen uns weiter.<\/p>\n\n\n\n<p>Der F\u00f6rderverein freut sich \u00fcber jedes neue Mitglied. Der Mindestbeitrag f\u00fcr die Mitgliedschaft betr\u00e4gt 12,00 \u20ac \/ Jahr.<\/p>\n\n\n\n<p>Der F\u00f6rderverein ist als gemeinn\u00fctzig anerkannt. Spenden und Beitr\u00e4ge sind also steuerlich abzugsf\u00e4hig.<\/p>\n\n\n\n<div class=\"wp-block-file\"><a href=\"https:\/\/grundschule-wallenborn.de\/wp-content\/uploads\/2020\/11\/Beitritt-Foerderverein-1.pdf\">Beitritt-Foerderverein-1<\/a><a href=\"https:\/\/grundschule-wallenborn.de\/wp-content\/uploads\/2020\/11\/Beitritt-Foerderverein-1.pdf\" class=\"wp-block-file__button\" download>Herunterladen<\/a><\/div>\n\n\n\n<p><br>Vielen Dank sagen die Schulgemeinschaft und der F\u00f6rderverein der Grundschule Wallenborn.<\/p>\n\n\n\n<p><strong><u>VORSTAND<\/u><\/strong><\/p>\n\n\n\n<p><strong>Vorsitzender:<\/strong>&nbsp;&nbsp;&nbsp;&nbsp;&nbsp;&nbsp;&nbsp;&nbsp;&nbsp;&nbsp; Herr Alexander Klassen<\/p>\n\n\n\n<p><strong>Stellvertreterin:<\/strong>&nbsp;&nbsp;&nbsp;&nbsp;&nbsp;&nbsp; Frau Elvira Guillemin<\/p>\n\n\n\n<p><strong>Schriftf\u00fchrerin:<\/strong>&nbsp;&nbsp;&nbsp;&nbsp;&nbsp;&nbsp; Frau Nicole Wilson<\/p>\n\n\n\n<p><strong>Kassenwartin:<\/strong> &nbsp;&nbsp;&nbsp;&nbsp;&nbsp;&nbsp;&nbsp; Frau Katlen Weiler<\/p>\n\n\n\n<p><strong>Beisitzer:<\/strong>&nbsp;&nbsp;&nbsp;&nbsp;&nbsp;&nbsp;&nbsp;&nbsp;&nbsp;&nbsp;&nbsp; Herr Michael Karam<\/p>\n\n\n\n<figure class=\"wp-block-gallery columns-2 is-cropped wp-block-gallery-1 is-layout-flex wp-block-gallery-is-layout-flex\"><ul class=\"blocks-gallery-grid\"><li class=\"blocks-gallery-item\"><figure><img loading=\"lazy\" decoding=\"async\" width=\"955\" height=\"1024\" src=\"https:\/\/grundschule-wallenborn.de\/wp-content\/uploads\/2020\/11\/IMG_3067-Spende-Buergerdienst-1-955x1024.jpg\" alt=\"\" data-id=\"123\" data-link=\"https:\/\/grundschule-wallenborn.de\/?attachment_id=123\" class=\"wp-image-123\" srcset=\"https:\/\/grundschule-wallenborn.de\/wp-content\/uploads\/2020\/11\/IMG_3067-Spende-Buergerdienst-1-955x1024.jpg 955w, https:\/\/grundschule-wallenborn.de\/wp-content\/uploads\/2020\/11\/IMG_3067-Spende-Buergerdienst-1-280x300.jpg 280w, https:\/\/grundschule-wallenborn.de\/wp-content\/uploads\/2020\/11\/IMG_3067-Spende-Buergerdienst-1-768x823.jpg 768w, https:\/\/grundschule-wallenborn.de\/wp-content\/uploads\/2020\/11\/IMG_3067-Spende-Buergerdienst-1-1433x1536.jpg 1433w, https:\/\/grundschule-wallenborn.de\/wp-content\/uploads\/2020\/11\/IMG_3067-Spende-Buergerdienst-1-1910x2048.jpg 1910w\" sizes=\"auto, (max-width: 955px) 100vw, 955px\" \/><\/figure><\/li><li class=\"blocks-gallery-item\"><figure><img loading=\"lazy\" decoding=\"async\" width=\"768\" height=\"1024\" src=\"https:\/\/grundschule-wallenborn.de\/wp-content\/uploads\/2020\/11\/IMG_3196-Spendenuebergabe-Verein-zur-Foerderung-der-Jugendarbeit-2-768x1024.jpg\" alt=\"\" data-id=\"202\" data-full-url=\"https:\/\/grundschule-wallenborn.de\/wp-content\/uploads\/2020\/11\/IMG_3196-Spendenuebergabe-Verein-zur-Foerderung-der-Jugendarbeit-2-scaled.jpg\" data-link=\"https:\/\/grundschule-wallenborn.de\/?attachment_id=202\" class=\"wp-image-202\" srcset=\"https:\/\/grundschule-wallenborn.de\/wp-content\/uploads\/2020\/11\/IMG_3196-Spendenuebergabe-Verein-zur-Foerderung-der-Jugendarbeit-2-768x1024.jpg 768w, https:\/\/grundschule-wallenborn.de\/wp-content\/uploads\/2020\/11\/IMG_3196-Spendenuebergabe-Verein-zur-Foerderung-der-Jugendarbeit-2-225x300.jpg 225w, https:\/\/grundschule-wallenborn.de\/wp-content\/uploads\/2020\/11\/IMG_3196-Spendenuebergabe-Verein-zur-Foerderung-der-Jugendarbeit-2-1152x1536.jpg 1152w, https:\/\/grundschule-wallenborn.de\/wp-content\/uploads\/2020\/11\/IMG_3196-Spendenuebergabe-Verein-zur-Foerderung-der-Jugendarbeit-2-1536x2048.jpg 1536w, https:\/\/grundschule-wallenborn.de\/wp-content\/uploads\/2020\/11\/IMG_3196-Spendenuebergabe-Verein-zur-Foerderung-der-Jugendarbeit-2-scaled.jpg 1920w\" sizes=\"auto, (max-width: 768px) 100vw, 768px\" \/><\/figure><\/li><\/ul><figcaption class=\"blocks-gallery-caption\"><br>Herr Peters &#8211; B\u00fcrgerdienst Lepper e.V.<br>Herr Klassen (FV) und Fau Lanser (Verein zur F\u00f6rderung der Jugendarbeit im Landkreis Vulkaneifel e.V.)<\/figcaption><\/figure>\n\n\n\n<figure class=\"wp-block-image size-large\"><img loading=\"lazy\" decoding=\"async\" width=\"620\" height=\"1024\" src=\"https:\/\/grundschule-wallenborn.de\/wp-content\/uploads\/2020\/11\/b5ff7565-9fee-401e-a7f7-1241548991b2-1-620x1024.jpg\" alt=\"\" class=\"wp-image-204\" srcset=\"https:\/\/grundschule-wallenborn.de\/wp-content\/uploads\/2020\/11\/b5ff7565-9fee-401e-a7f7-1241548991b2-1-620x1024.jpg 620w, https:\/\/grundschule-wallenborn.de\/wp-content\/uploads\/2020\/11\/b5ff7565-9fee-401e-a7f7-1241548991b2-1-182x300.jpg 182w, https:\/\/grundschule-wallenborn.de\/wp-content\/uploads\/2020\/11\/b5ff7565-9fee-401e-a7f7-1241548991b2-1.jpg 660w\" sizes=\"auto, (max-width: 620px) 100vw, 620px\" \/><\/figure>\n\n\n\n<p><\/p>\n","protected":false},"excerpt":{"rendered":"<p>Gr\u00fcndung des Vereins Im Jahr 2000 regten der Schulelternbeirat sowie die Schulleitung der Grundschule Wallenborn-Salm die Gr\u00fcndung eines F\u00f6rdervereins an. Engagierte Eltern und Lehrer setzten sich daraufhin mit den rechtlichen Grundlagen, den Zielen und M\u00f6glichkeiten von F\u00f6rdervereinen auseinander. Bei der Gr\u00fcndungsversammlung am 14.5.2001 schmiedeten sie mit der tatkr\u00e4ftigen Unterst\u00fctzung eines anderen F\u00f6rdervereins eine Vereinssatzung. Unsere [&hellip;]<\/p>\n","protected":false},"author":1,"featured_media":0,"parent":0,"menu_order":0,"comment_status":"closed","ping_status":"closed","template":"","meta":{"footnotes":""},"class_list":["post-69","page","type-page","status-publish","hentry"],"_links":{"self":[{"href":"https:\/\/grundschule-wallenborn.de\/index.php?rest_route=\/wp\/v2\/pages\/69","targetHints":{"allow":["GET"]}}],"collection":[{"href":"https:\/\/grundschule-wallenborn.de\/index.php?rest_route=\/wp\/v2\/pages"}],"about":[{"href":"https:\/\/grundschule-wallenborn.de\/index.php?rest_route=\/wp\/v2\/types\/page"}],"author":[{"embeddable":true,"href":"https:\/\/grundschule-wallenborn.de\/index.php?rest_route=\/wp\/v2\/users\/1"}],"replies":[{"embeddable":true,"href":"https:\/\/grundschule-wallenborn.de\/index.php?rest_route=%2Fwp%2Fv2%2Fcomments&post=69"}],"version-history":[{"count":11,"href":"https:\/\/grundschule-wallenborn.de\/index.php?rest_route=\/wp\/v2\/pages\/69\/revisions"}],"predecessor-version":[{"id":314,"href":"https:\/\/grundschule-wallenborn.de\/index.php?rest_route=\/wp\/v2\/pages\/69\/revisions\/314"}],"wp:attachment":[{"href":"https:\/\/grundschule-wallenborn.de\/index.php?rest_route=%2Fwp%2Fv2%2Fmedia&parent=69"}],"curies":[{"name":"wp","href":"https:\/\/api.w.org\/{rel}","templated":true}]}}

Förderverein

<div class="wp-block-file"><a href="https://grundschule-wallenborn.de/wp-content/uploads/2020/11/Beitritt-Foerderverein.pdf">Beitritt-Foerderverein</a><a href="https://grundschule-wallenborn.de/wp-content/uploads/2020/11/Beitritt-Foerderverein.pdf" class="wp-block-file__button" download>Herunterladen</a></div>



<p><strong>Gründung des Vereins</strong></p>



<p>Im Jahr 2000 regten der Schulelternbeirat sowie die Schulleitung der Grundschule Wallenborn-Salm die Gründung eines Fördervereins an. Engagierte Eltern und Lehrer setzten sich daraufhin mit den rechtlichen Grundlagen, den Zielen und Möglichkeiten von Fördervereinen auseinander. Bei der Gründungsversammlung am 14.5.2001 schmiedeten sie mit der tatkräftigen Unterstützung eines anderen Fördervereins eine Vereinssatzung.</p>



<p><strong>Unsere Aufgabe</strong></p>



<p>Der Förderverein möchte die Entwicklung und Erziehung der Schüler sowie das schulische Leben unterstützen. Insbesondere setzt er sich zur Aufgabe:</p>



<ul class="wp-block-list"><li>hilfebedürftige und/ oder besonders begabte Schüler bei Maßnahmen, die der Bildung und Erziehung dienen, zu fördern</li><li>die Ausstattung der Schule zu verbessern</li><li>Bildungsreisen und Schulfeste zu unterstützen</li><li>die Bindungen zwischen Schülern, Eltern, Lehrern und Freunden der Grundschule Wallenborn im Sinne einer Schulgemeinschaft zu pflegen</li><li>einen Beitrag zu einem angemessenen Bild der Schule in der Öffentlichkeit zu leisten</li></ul>



<p><strong>&nbsp;Beispiele für die Arbeit des Fördervereins:</strong></p>



<ul class="wp-block-list"><li>Unterstützung von Schülern aus finanziell schwachen Familien (Beschaffung von Schulmaterialien und Büchern, finanzielle Unterstützung bei der Durchführung von Ausflügen und Klassenfahrten)</li><li>Anschaffung zusätzlicher Medien und Instrumente für den Musik- und Kunstunterricht</li><li>Anschaffung neuer Sportgeräte</li><li>Unterstützung bei Neuanschaffungen von Büchern für die Schulbibliothek</li><li>Übernahme der Kosten für Theaterbesuche (inklusive des Bustransfers) für alle Kinder</li><li>Finanzierung des Unterrichtsprojektes „ABC der Lebensmittel“ für die 3. Und 4. Klasse</li><li>Anschaffung und Aufstellen von Klettergerüsten</li><li>aktive Mithilfe bei Aktionen, Festen, Projekten und Veranstaltungen</li></ul>



<p><strong><u>WIR BRAUCHEN IHRE MITHILFE</u></strong></p>



<p>Um auch künftige Vorhaben realisieren zu können, bittet der Förderverein der Grundschule Wallenborn um Ihre Unterstützung.</p>



<p>Dies kann in Form einer Mitgliedschaft im Förderverein sein – jeder, der sich der Schule verbunden fühlt, kann aktives oder förderndes Mitglied werden.</p>



<p>Aber auch (Sach-) Spenden von Firmen oder Einzelpersonen helfen uns weiter.</p>



<p>Um auch künftige Vorhaben realisieren zu können, bittet der Förderverein um Ihre Unterstützung.</p>



<p><br>Dies kann in Form einer Mitgliedschaft im Förderverein sein &#8211; jeder, der sich der Schule verbunden fühlt, kann aktives oder förderndes Mitglied werden.<br>Oder auch (Sach-)Spenden von Firmen oder Einzelpersonen helfen uns weiter.</p>



<p>Der Förderverein freut sich über jedes neue Mitglied. Der Mindestbeitrag für die Mitgliedschaft beträgt 12,00 € / Jahr.</p>



<p>Der Förderverein ist als gemeinnützig anerkannt. Spenden und Beiträge sind also steuerlich abzugsfähig.</p>



<div class="wp-block-file"><a href="https://grundschule-wallenborn.de/wp-content/uploads/2020/11/Beitritt-Foerderverein-1.pdf">Beitritt-Foerderverein-1</a><a href="https://grundschule-wallenborn.de/wp-content/uploads/2020/11/Beitritt-Foerderverein-1.pdf" class="wp-block-file__button" download>Herunterladen</a></div>



<p><br>Vielen Dank sagen die Schulgemeinschaft und der Förderverein der Grundschule Wallenborn.</p>



<p><strong><u>VORSTAND</u></strong></p>



<p><strong>Vorsitzender:</strong>&nbsp;&nbsp;&nbsp;&nbsp;&nbsp;&nbsp;&nbsp;&nbsp;&nbsp;&nbsp; Herr Alexander Klassen</p>



<p><strong>Stellvertreterin:</strong>&nbsp;&nbsp;&nbsp;&nbsp;&nbsp;&nbsp; Frau Elvira Guillemin</p>



<p><strong>Schriftführerin:</strong>&nbsp;&nbsp;&nbsp;&nbsp;&nbsp;&nbsp; Frau Nicole Wilson</p>



<p><strong>Kassenwartin:</strong> &nbsp;&nbsp;&nbsp;&nbsp;&nbsp;&nbsp;&nbsp; Frau Katlen Weiler</p>



<p><strong>Beisitzer:</strong>&nbsp;&nbsp;&nbsp;&nbsp;&nbsp;&nbsp;&nbsp;&nbsp;&nbsp;&nbsp;&nbsp; Herr Michael Karam</p>



<figure class="wp-block-gallery columns-2 is-cropped wp-block-gallery-1 is-layout-flex wp-block-gallery-is-layout-flex"><ul class="blocks-gallery-grid"><li class="blocks-gallery-item"><figure><img loading="lazy" decoding="async" width="955" height="1024" src="https://grundschule-wallenborn.de/wp-content/uploads/2020/11/IMG_3067-Spende-Buergerdienst-1-955x1024.jpg" alt="" data-id="123" data-link="https://grundschule-wallenborn.de/?attachment_id=123" class="wp-image-123" srcset="https://grundschule-wallenborn.de/wp-content/uploads/2020/11/IMG_3067-Spende-Buergerdienst-1-955x1024.jpg 955w, https://grundschule-wallenborn.de/wp-content/uploads/2020/11/IMG_3067-Spende-Buergerdienst-1-280x300.jpg 280w, https://grundschule-wallenborn.de/wp-content/uploads/2020/11/IMG_3067-Spende-Buergerdienst-1-768x823.jpg 768w, https://grundschule-wallenborn.de/wp-content/uploads/2020/11/IMG_3067-Spende-Buergerdienst-1-1433x1536.jpg 1433w, https://grundschule-wallenborn.de/wp-content/uploads/2020/11/IMG_3067-Spende-Buergerdienst-1-1910x2048.jpg 1910w" sizes="auto, (max-width: 955px) 100vw, 955px" /></figure></li><li class="blocks-gallery-item"><figure><img loading="lazy" decoding="async" width="768" height="1024" src="https://grundschule-wallenborn.de/wp-content/uploads/2020/11/IMG_3196-Spendenuebergabe-Verein-zur-Foerderung-der-Jugendarbeit-2-768x1024.jpg" alt="" data-id="202" data-full-url="https://grundschule-wallenborn.de/wp-content/uploads/2020/11/IMG_3196-Spendenuebergabe-Verein-zur-Foerderung-der-Jugendarbeit-2-scaled.jpg" data-link="https://grundschule-wallenborn.de/?attachment_id=202" class="wp-image-202" srcset="https://grundschule-wallenborn.de/wp-content/uploads/2020/11/IMG_3196-Spendenuebergabe-Verein-zur-Foerderung-der-Jugendarbeit-2-768x1024.jpg 768w, https://grundschule-wallenborn.de/wp-content/uploads/2020/11/IMG_3196-Spendenuebergabe-Verein-zur-Foerderung-der-Jugendarbeit-2-225x300.jpg 225w, https://grundschule-wallenborn.de/wp-content/uploads/2020/11/IMG_3196-Spendenuebergabe-Verein-zur-Foerderung-der-Jugendarbeit-2-1152x1536.jpg 1152w, https://grundschule-wallenborn.de/wp-content/uploads/2020/11/IMG_3196-Spendenuebergabe-Verein-zur-Foerderung-der-Jugendarbeit-2-1536x2048.jpg 1536w, https://grundschule-wallenborn.de/wp-content/uploads/2020/11/IMG_3196-Spendenuebergabe-Verein-zur-Foerderung-der-Jugendarbeit-2-scaled.jpg 1920w" sizes="auto, (max-width: 768px) 100vw, 768px" /></figure></li></ul><figcaption class="blocks-gallery-caption"><br>Herr Peters &#8211; Bürgerdienst Lepper e.V.<br>Herr Klassen (FV) und Fau Lanser (Verein zur Förderung der Jugendarbeit im Landkreis Vulkaneifel e.V.)</figcaption></figure>



<figure class="wp-block-image size-large"><img loading="lazy" decoding="async" width="620" height="1024" src="https://grundschule-wallenborn.de/wp-content/uploads/2020/11/b5ff7565-9fee-401e-a7f7-1241548991b2-1-620x1024.jpg" alt="" class="wp-image-204" srcset="https://grundschule-wallenborn.de/wp-content/uploads/2020/11/b5ff7565-9fee-401e-a7f7-1241548991b2-1-620x1024.jpg 620w, https://grundschule-wallenborn.de/wp-content/uploads/2020/11/b5ff7565-9fee-401e-a7f7-1241548991b2-1-182x300.jpg 182w, https://grundschule-wallenborn.de/wp-content/uploads/2020/11/b5ff7565-9fee-401e-a7f7-1241548991b2-1.jpg 660w" sizes="auto, (max-width: 620px) 100vw, 620px" /></figure>



<p></p>

<p>Gründung des Vereins Im Jahr 2000 regten der Schulelternbeirat sowie die Schulleitung der Grundschule Wallenborn-Salm die Gründung eines Fördervereins an. Engagierte Eltern und Lehrer setzten sich daraufhin mit den rechtlichen Grundlagen, den Zielen und Möglichkeiten von Fördervereinen auseinander. Bei der Gründungsversammlung am 14.5.2001 schmiedeten sie mit der tatkräftigen Unterstützung eines anderen Fördervereins eine Vereinssatzung. Unsere [&hellip;]</p>
